t) = -6 - 2*t - t + 4 - 21*t**2. Let y be l(-1). Let h = y - -15. What is m(h)?
0
Let w(j) be the second derivative of j**6/72 + 3*j**4/4 + 11*j. Let r(v) be the third derivative of w(v). Let d = -9 - -8. Give r(d).
-10
Let o(s) = s**3 + 5*s**2 - 9*s - 9. Suppose 0*q = q - 5*v - 11, 5*q = -v + 81. Suppose -2*f - 31*d = -26*d + 34, -6 = -3*d. Let y = q + f. Give o(y).
9
Let u(m) = -2*m**2 + 1. Suppose -4*l + 8 + 22 = 3*p, l + 9 = 2*p. Let n(b) = -11*b**2 + b + 5. Let a(q) = p*u(q) - n(q). Determine a(-2).
-1
Let c(v) = 5*v**3 + 2*v**2 + 6*v + 7. Let w(q) = 1 + 14*q + 9*q**2 - 4 + 18 - 5*q**2 + 11*q**3. Let o(u) = 9*c(u) - 4*w(u). What is o(-3)?
0
Let y(m) = 0*m + 2 + m - 10. Suppose 73 = -4*j + 181. Let h = 33 - j. What is y(h)?
-2
Let k(p) = -5*p - 4. Let n be k(-11). Let d(a) = 2 + n*a + a**2 - a**3 - 4*a**2 - 52*a. Suppose 4*c - 1 + 9 = 0. What is d(c)?
0
Let g = 256 - 250. Let o(i) = -i**3 + 13*i**2 - 7*i + 6. Let k(q) = -q**2 - 1. Let c(u) = -6*k(u) - o(u). What is c(g)?
6
Let y(n) = n - 7. Suppose h - 129 + 137 = 0. Give y(h).
-15
Suppose -16*q - 228 = -20. Let t(o) = o**3 + 14*o**2 + 14*o + 11. What is t(q)?
-2
Let d(u) = -u - 5. Let t be 2*(6/(-10) - (-116)/(-40)). Determine d(t).
2
Let m(x) = x**3 - 2*x**2 - 2. Let l(u) = -7*u**2 - 5 + 8*u**2 - 2*u**2 + 6*u. Let v be l(4). What is m(v)?
7
Let q be 3/(6/8*-2). Let u be (1/(-1))/(23/(-69)). Let j(m) = -u + 0*m**3 - 2*m - 4*m**3 + 5*m**3. Give j(q).
-7
Suppose -l - 8 = l. Let x = -5 + 10. Let o(t) = -2*t**2 - 8*t + 3. Let i(p) = -p**2 - 4*p + 2. Let z(j) = x*i(j) - 3*o(j). Determine z(l).
1
Let z = -23 - -13. Let v(w) = -w - 9. Let p be v(z). Suppose p + 19 = -5*f. Let g(i) = 3*i + 6. Determine g(f).
-6
Let k be (-8)/(-6) - (115/(-15) + 5). Let u(w) = -w**3 + 3*w**2 + 6*w - 4. What is u(k)?
4
Let x(i) be the second derivative of i**5/12 - i**4/24 + 5*i**3/6 + 2*i. Let m(r) be the second derivative of x(r). Suppose 8 = u + 7. Determine m(u).
9
Let a(v) be the first derivative of -7*v**2/2 - 2*v - 108. Calculate a(2).
-16
Let s(w) = -3*w + 6. Suppose 17*p = 126 + 44. What is s(p)?
-24
Let u = 55 - 51. Let a(f) be the third derivative of 1/24*f**4 - 2*f**2 + 0 - 1/2*f**3 + 0*f. Determine a(u).
1
Let t = -8 - -18. Let v be 1/10 + 49/t. Let p(o) = o**3 - 5*o**2 + 3*o. Calculate p(v).
15
Let l(h) be the first derivative of -17*h**4/4 + h**2/2 - h + 71. Give l(1).
-17
Let d = -32 - -26. Let n be (-2 - 2) + (-3)/(-6)*d. Let j(q) = q**3 + 7*q**2 + q + 7. Determine j(n).
0
Let h(l) = 1 - 8*l - 1 + l + 2 + 0. Give h(6).
-40
Suppose m = v + 29, v - 104 = -3*m - 1. Let w = -36 + m. Let l(u) = u**2 + 3*u - 1. What is l(w)?
-1
Let p(u) be the first derivative of u**5/20 - u**4/2 + 2*u**3/3 + 3*u**2/2 + 26*u - 20. Let b(g) be the first derivative of p(g). Give b(4).
-13
Let v(x) = 13*x**2 - 9. Let p(y) = -2*y**2. Let k(f) = 6*p(f) + v(f). Suppose 0 = -4*u + 3*u. Suppose u*d = 4*d. What is k(d)?
-9
Let c(q) = 3*q - 3. Let i(d) = -5*d + 5. Let l(u) = 8*c(u) + 5*i(u). Suppose 2*r - 8 = -0*r. Suppose 8*h + r = 9*h. What is l(h)?
-3
Let s = 1 + 2. Let j = 130 - 128. Let g(d) = -4*d**2 - d + 2*d**j + 2*d**2 + 1 + d**s. Give g(0).
1
Let h(j) = -3*j**3 - 21*j**2 + 26*j + 1. Let z(i) = i**3 + 10*i**2 - 12*i. Let u(w) = 2*h(w) + 5*z(w). Give u(6).
26
Let h(q) = -q - 26. Suppose -4*j - 13 = -3*s - 5*j, 5*s - 17 = 3*j. Suppose g + 2*g = -2*n + 12, s*g = 2*n + 16. Determine h(n).
-26
Let t = 3 + -1. Suppose 6*o - t*o = 28. Let m(f) = 3*f - 4*f**3 + o*f**3 - 5*f**2 + 0*f**3 - 2*f**3. Calculate m(5).
15
Let o(q) be the first derivative of 6 + 16 - 144*q**2 + 143*q**2. What is o(-4)?
8
Let z(a) be the third derivative of a**6/120 - a**5/30 - a**4/24 - a**3/6 + 7*a**2. Let m(d) = -d**2 + 9*d - 11. Let h be m(7). Give z(h).
5
Suppose -42 = 8*h - 114. Let s(m) = m**3 - 9*m**2 - m + 12. Calculate s(h).
3
Let p = -5 - -16. Suppose 5 = q + 2*q + x, p = 3*q - 5*x. Suppose 5*t - 12 = -q*l, 5*l = -4*t + 13 + 17. Let d(o) = -o**2 + 6*o + 6. What is d(l)?
6
Let r(y) = -2*y - 15. Let c(g) = -2*g - 13. Let j(d) = 4*c(d) - 3*r(d). Give j(-5).
3
Let l(m) = -3*m - 9. Let c(d) = 2*d + 5. Let y(t) = 11*c(t) + 6*l(t). Suppose -7 = 99*f - 92*f. Calculate y(f).
-3
Let w(h) be the first derivative of -2*h**2 - 8*h - 150. What is w(-7)?
20
Let p(y) = 6*y - 3*y + 3 - 3*y - y. Suppose 5*s + 9 = w + w, 2*s = -4*w - 42. Determine p(w).
11
Let u(f) be the second derivative of f**3/2 + 7*f**2/2 + f. Let o(t) = -7*t**2 - 92*t + 93. Let m be o(1). Give u(m).
-11
Let i be (-7)/(-2) - 6/12. Let l(r) = 2 - 4*r**2 - 108*r + 107*r + 5*r**i - 4*r**3. Give l(4).
-2
Let h = 1 + -13. Let i = h + 14. Let m(y) = 0*y**2 - 2*y**i - y**2 - 3*y**2. What is m(-1)?
-6
Let b be ((-88)/6)/11 - 22/6. Let m(p) = p**3 + 4*p**2 - 3*p + 3. Determine m(b).
-7
Let r = 257 + -263. Let u(j) = 2*j**2 + 12*j - 3. Give u(r).
-3
Let a = -1 + 6. Let l(w) = -w**3 - 3*w**2 - 5*w + a*w + w - 2. Suppose 3*r - 44 = 14*r. Calculate l(r).
10
Let v(b) = -b**3 - 6*b**2 - b - 1. Let h be v(-4). Let l = 32 + h. Let z(o) = 2 + 3*o - 3 - 2 - l. Determine z(4).
6
Let b = 12 - 6. Suppose 0 = 4*f - f - b. Let w(a) = 93*a - 94*a + 3 - f. What is w(5)?
-4
Let u(z) = 5 - 1 - z**2 + 2 + 5*z. Let o be (-9)/(-6)*(-60)/(-9). Suppose 0*n - o = -2*n. Calculate u(n).
6
Let g be 6 + (9/(-3) - 0). Let v = -13 + 16. Let y(z) = -z**v + 6 - z**2 + 6*z**2 - 3*z - z**2 - 2. Give y(g).
4
Let d(z) = 3*z**2 + 2*z - 2. Let g(j) = -2*j**2 - j + 1. Let l = -10 + 5. Let a = -15 - -11. Let s(k) = a*d(k) + l*g(k). What is s(-3)?
-6
Let t(h) = h**3 + 6*h**2 + 2*h - 1. Let u be ((-16)/10)/(90/(-25) - -4). Determine t(u).
23
Let h be (-414)/16 - (69/(-24) - -3). Let d(k) = -k**3 - 25*k**2 + 25*k - 29. Let r be d(h). Let x(g) = -8*g - 3. Determine x(r).
21
Let r = 77 - 72. Let c(n) = -5*n**3 - 6*n**2 + 4*n + 4. Let f(t) = t**3 - 1. Let s = -2 - -3. Let h(y) = s*c(y) + 6*f(y). Determine h(r).
-7
Let w be (-172)/(-24) + 2/(-12). Let o(i) = w*i + 2*i**3 + 0*i**2 - 3*i**3 - 7 + 4*i**2. Suppose 105*n = 110*n - 25. What is o(n)?
3
Let i = -231 + 238. Let a(u) = -u**2 + 7*u + 9. Give a(i).
9
Suppose -7*l + 20*l = 13. Let g(n) = 2*n**3 - 1. Calculate g(l).
1
Let g = -5 + 18. Let z(m) = 15*m**3 + 13*m**2 + 3*m - 6. Let j(t) = 7*t**3 + 6*t**2 + t - 3. Let q(y) = g*j(y) - 6*z(y). Calculate q(-3).
-15
Let s(t) = -2*t + 1. Let y be s(3). Let r be ((-15)/3)/(10/(-12)). Let h(a) = 6*a**2 - 3 + 1 - 7*a**2 + 0 - r*a. Determine h(y).
3
Let m = 1 - -2. Let p = 35 - 33. Let a(g) = -6 - g**m + 1 - 5*g - g**p + 7*g**2. Give a(5).
-5
Let a(g) = -3 - 81*g + 90*g - 25. Calculate a(4).
8
Let j(f) = 21*f**2 + 1. Let p = -2 - -6. Suppose 0 = -p*k - 4. Calculate j(k).
22
Let g = 31 + -24. Let b(m) = m**3 + 3*m**3 - 3*m**3 - 6*m**2 - g*m + 4. What is b(7)?
4
Let s(f) = f**3 - 7*f**2 + f + 15. Let y(u) = 2*u**3 - u**2 + u - 1. Let q(p) = -s(p) + y(p). Determine q(-5).
9
Let y be (-42)/(-4)*10/15 - 3. Let h(g) be the third derivative of 1/20*g**5 + 0*g - 3*g**2 - g**3 + 0 - 1/120*g**6 + 1/4*g**4. Give h(y).
2
Let z = 7 + -2. Let l = -2 + z. Let s be 2/(-1) - 3/l. Let r(d) = -2*d**2 - 4*d - 4. Give r(s).
-10
Let h(u) = -u**3 + u**2 - 2*u. Let d = -17 - -21. Let k = 2 - 0. Suppose -k = -2*s, -d*b + 4 = -3*b + 2*s. What is h(b)?
-8
Let v = 3836 - 3841. Let w(b) be the second derivative of b**5/20 + b**4/2 + 7*b**3/6 - b**2/2 - b. Give w(v).
-11
Suppose -2*k + 2 = -4*m - 2, 5 = k - 5*m. Let t(c) = 2*c + 3*c - 2*c - 2*c - 4 - c**2. Determine t(k).
-4
Let s(v) = 26 + 34 + 29 - v - 88 - 3*v**2. Determine s(2).
-13
Let o(f) = f**3 + 2*f**2 - 4*f + 1. Suppose -12 = 6*a - 9*a. Suppose -h + 12 = a. Let n be -4*(-3)/h*-2. Calculate o(n).
4
Let f(k) = k + 2. Let s(c) = 13*c**3 + c**2. Let y be s(-1). Let o = -6 - y. Let l be (-2 - 1)/(9/o). Give f(l).
0
Let w(y) be the second derivative of -y**3/6 - 5*y**2 - y. Suppose -4*a - 3 = 7*p - 4*p, 3*p = a - 18. Determine w(p).
-5
Suppose 0 = 3*a - 0*a - 15. Let z(b) = 3*b**3 - 26*b**2 + 15*b + 16. Let c(t) = -2*t**3 + 17*t**2 - 10*t - 10. Let s(u) = 8*c(u) + 5*z(u). Determine s(a).
0
Let b(t) = -3 + 2*t - 3 + 24*t**2 - 25*t**2 + 3. Calculate b(3).
-6
Let j be 2/(-6) + 32/6. Suppose 4*p + j = 4*r + 21, -3*r = 2*p - 8. Let b(q) = -3*q + 43. Let z(s) = -s + 14. Let a(l) = 2*b(l) - 7*z(l). Determine a(r).
-12
Let d(m) be the fi